/t)/(-13). What is the highest common factor of d and 18?
9
Suppose -16797 - 17017 = -53*t. Let z = 652 - t. Calculate the highest common divisor of 70 and z.
14
Let r be 7*1*(-5777)/(-109). Calculate the highest common factor of r and 63.
7
Suppose 9*d - 13*d + 312 = 0. Suppose -4*t - 116 = -4*k, t = -2*k - t + d. Let x = 41 - k. Calculate the greatest common divisor of 49 and x.
7
Let u(s) = 128*s - 5 - 65*s - 65*s. Let m be u(-10). Let b = 16 - -59. What is the greatest common divisor of m and b?
15
Suppose 9*n = 6*n + 6. Suppose -n*g + 1232 = 2*g. What is the highest common divisor of g and 28?
28
Let w = -590 + 599. Let j be 12/w + (-944)/(-12). What is the greatest common divisor of 16 and j?
16
Let v be -5 + -4 + 4633 - 1. Suppose -v = -30*u - 183. Calculate the highest common factor of u and 185.
37
Let p = 12685 + -10422. Calculate the highest common factor of 372 and p.
31
Suppose 4*h - 6*h = 5*o - 25356, -5*h - 10 = 0. Calculate the greatest common factor of o and 80.
16
Let l be (-72)/240 + 1109/5 + (-6)/4. What is the highest common factor of l and 90?
10
Let p(f) = -f**3 - 10*f**2 + 6. Let m be p(-13). Suppose -m = -5*q - 113. Let r(z) = -5*z. Let s be r(-2). Calculate the greatest common factor of q and s.
10
Let q(v) = -2*v**3 - 6*v**2 + 18*v + 7. Let b be q(-7). What is the highest common divisor of 2002 and b?
91
Suppose 165 = l + 4*l. Let m be (-1610)/80 + 20 + 2114/16. What is the highest common factor of l and m?
33
Suppose 0*k + 276 = 23*k. Suppose 3*j = -3*h + 48, 4*h - 37 - 43 = -5*j. Calculate the highest common divisor of j and k.
4
Suppose 0 = 17*b - 139 + 20. Suppose -97 = -b*v + 71. Calculate the highest common factor of 204 and v.
12
Let b = -11903 + 12182. Calculate the greatest common factor of 1023 and b.
93
Let y be (-45498)/(-22) + 203/(-2233). Calculate the greatest common factor of 44 and y.
44
Let b(u) = u**2 - 2*u - 5. Let f be b(-2). Suppose 15 = f*y - 12. Let m(t) = 7*t. Let j be m(9). Calculate the highest common divisor of j and y.
9
Let p = -253 - -449. Suppose -p*f + 186*f = -120. Calculate the greatest common factor of f and 15.
3
Let h be 70 - ((-4)/(-8))/((-2)/4). Let q be 21 - h - (-1 - -1). Let j = 92 + q. Calculate the highest common divisor of j and 105.
21
Suppose 2*o - 5605 = -3*o. Suppose -j = -592*w + 591*w - 45, 2*j - 3*w = 76. Calculate the greatest common divisor of j and o.
59
Let k(u) = 36*u + 31*u + 108 - u**3 - 60*u + 30 - 18*u**2. Let m be k(-18). Calculate the highest common divisor of 1164 and m.
12
Let o(s) = s**3 - 2*s**2. Let q(u) = 6*u**3 + 3*u**2 - 10*u + 25. Let c(b) = -5*o(b) + q(b). Let l be c(-12). Calculate the greatest common divisor of l and 17.
17
Suppose -103*o + 36006 = 16*o - 22899. What is the highest common factor of o and 11?
11
Let s be 14/21*5/(30/1071). Let f be (341/(-44) - -8)*84. What is the greatest common divisor of s and f?
7
Suppose -111*x = -168*x + 125*x - 99144. What is the greatest common divisor of x and 108?
54
Let p(u) = -u + 34. Let z be p(10). Suppose -z*l = -26*l + 12. What is the highest common divisor of l and 3?
3
Let y = -3269 + 3558. Calculate the greatest common divisor of 272 and y.
17
Suppose 2*x - 298 = 4*s, 2*x - 5*x + 444 = -5*s. Suppose 430*f + 1106 - 732 = 5964. Calculate the highest common divisor of x and f.
13
Let v = 2378 + -2036. What is the greatest common factor of v and 608?
38
Suppose 0*v - 17*v = -158470 + 36138. Calculate the greatest common divisor of 28 and v.
28
Suppose 153*l + 106431 = 690738. Calculate the highest common divisor of l and 67.
67
Let j be (-9)/5 - 115290/(-175). Calculate the greatest common divisor of j and 153.
9
Suppose 51 = 3*h + 6. Let g(u) = -u**3 - 8*u**2 + 21*u + 28. Let z be g(-10). Let j be ((-6)/(-8))/(z/144). Calculate the highest common factor of h and j.
3
Let o(z) = 28*z**3 + 1262*z**2 + 89*z - 35. Let y be o(-45). Calculate the highest common factor of 4910 and y.
10
Let v(s) = 3*s**2 - 5*s + 2. Let c be v(3). Suppose -11*x + 66 = -c*x. Let k be 1194/33 - (-4)/x. Calculate the highest common divisor of k and 4.
4
Let a = -5544 + 11364. Calculate the greatest common divisor of 60 and a.
60
Let d be 11 - (-402)/(-36) - 2107/(-42). What is the greatest common divisor of 6075 and d?
25
Suppose g = 6*g + 240. Let p = g - -54. Suppose -4*t + 11 = -3*v - 61, 89 = 5*t - 4*v. Calculate the greatest common divisor of p and t.
3
Let l be (-6)/(36/(-258)) + -3. Let c = -30 - -38. Calculate the highest common factor of c and l.
8
Let g be 381/(-4)*16/(-12)*1 - 1. Suppose a = 6*a + 10. Let z be a/5 + 216/15. Calculate the greatest common factor of g and z.
14
Let w be 8 - 737/88 - 2099340/(-32). What is the greatest common factor of w and 84?
84
Let g = -35095 - -38533. Calculate the greatest common divisor of 2101 and g.
191
Let n be 15/(-3) + 89 + -2. Suppose 2*p = 88 - n. Let d be ((-12)/(-8))/(p/30). Calculate the greatest common factor of d and 15.
15
Suppose -7*b = -17*b + 20. Suppose 3*a - 4*d - 94 = -b*d, 10 = -5*d. Calculate the highest common factor of 21 and a.
3
Let v = 7837 - 7123. Calculate the highest common divisor of 42 and v.
42
Let f be (-164 + -1)/(((-456)/(-60))/(-38)). What is the highest common factor of 330 and f?
165
Suppose -38*s + 949 = 75. Suppose -3*x + 159 = -k, -2*x - 3*k + 72 = -s. What is the highest common factor of x and 286?
26
Suppose -3373632 - 4318186 = -364*b + 1100966. Calculate the greatest common factor of b and 198.
198
Let w be (-4)/22 - (-245)/77. Let j(z) = 17*z**2 - 97*z - 3. Let l be j(6). What is the highest common factor of l and w?
3
Let f = -30401 + 31339. Calculate the highest common factor of f and 133.
7
Suppose 0 = 4*i + 112*p - 109*p - 164, -4*i = 5*p - 156. Calculate the highest common factor of 20 and i.
4
Let u(z) = -z**3 - 42*z**2 - 32*z - 75. Let b be u(-41). Let m be 12/12 - (b - -3). What is the highest common divisor of 26 and m?
26
Let w = 333 - 263. Let i = w + -40. Calculate the highest common factor of 105 and i.
15
Let r(o) = -o**3 - 2*o - 1. Let x be r(-2). Suppose 7*c = x*c - 20. Suppose -c*q = -526 - 24. What is the highest common divisor of q and 20?
10
Let f(n) = -10*n + 710. Let k be f(66). What is the greatest common factor of 3725 and k?
25
Suppose -101*y - 68625 = -126*y. Calculate the highest common factor of 15 and y.
15
Suppose -10*a = -52 + 2. Suppose 5*y = -0*v - v + 80, 0 = -a*v - y + 376. What is the highest common factor of v and 120?
15
Let l(b) = -b + 56. Suppose -x = -k - 13, -3*x + 83 = 2*x + k. Let s be l(x). What is the greatest common factor of 5 and s?
5
Let n be (-44)/220*-43*5*(-1 + 2). What is the greatest common divisor of 129 and n?
43
Let u = -3946 + 3978. Calculate the greatest common factor of 6192 and u.
16
Let w(f) = f**3 + 6*f**2 + 5*f + 14. Let n be w(-6). Let s = n - -56. Let x = -359 - -679. Calculate the highest common divisor of s and x.
40
Suppose 6*g + 160 = 142. Let a(k) = k**2 - 10*k - 33. Let h be a(g). Calculate the greatest common divisor of 30 and h.
6
Suppose -d + 58 = d. Suppose -d*g + 30*g - 72 = 0. What is the greatest common factor of g and 8?
8
Suppose 0 = -150*g + 130*g + 812 + 1168. What is the highest common divisor of 2112 and g?
33
Let j(z) = -11*z + 517. Let f be j(39). Calculate the highest common factor of f and 22088.
88
Let p(v) = 6*v**2 - 5*v + 35. Let x be p(9). Suppose 11*f + 14 = x. What is the highest common divisor of f and 18?
6
Suppose -10*k + 4194 = 3644. Let i = -2154 + 3419. Calculate the greatest common factor of i and k.
55
Let f = -6080 - -7290. What is the greatest common divisor of f and 10?
10
Suppose 0 = 2*y - 13*y + 33. Suppose -91 = -y*g + 353. What is the greatest common factor of g and 37?
37
Suppose 0 = -48*h + 11*h + 390 - 94. Let c = 84 - 52. What is the greatest common factor of c and h?
8
Let j be (42368/(-28))/(-8) + (-2)/14. Let k = j + -176. Calculate the greatest common divisor of 78 and k.
13
Let f be (3 - 3) + 1 - -16. Let k(i) = i**2 - 4*i - 28. Suppose 2*n + 4*n = 54. Let r be k(n). What is the greatest common factor of f and r?
17
Let r be ((0 - 4/(-2)) + -15)*-1. Let y(a) = -3*a**3 - 3*a**2 - 1. Let t = 44 + -48. Let f be y(t). What is the highest common factor of r and f?
13
Suppose 9*z - 9 = 0, -4*q + z = -4*z - 2387. 